{"id":109,"date":"2017-12-27T06:10:28","date_gmt":"2017-12-27T06:10:28","guid":{"rendered":"http:\/\/www.merjanieminen.fi\/?page_id=109"},"modified":"2026-01-02T19:34:39","modified_gmt":"2026-01-02T17:34:39","slug":"tietosuojaseloste","status":"publish","type":"page","link":"https:\/\/www.merjanieminen.fi\/?page_id=109","title":{"rendered":"Tietosuojaseloste"},"content":{"rendered":"\n[et_pb_section fb_built=&#8221;1&#8243; admin_label=&#8221;section&#8221; _builder_version=&#8221;4.16&#8243; global_colors_info=&#8221;{}&#8221;][et_pb_row admin_label=&#8221;row&#8221; _builder_version=&#8221;4.16&#8243; background_size=&#8221;initial&#8221; background_position=&#8221;top_left&#8221; background_repeat=&#8221;repeat&#8221; global_colors_info=&#8221;{}&#8221;][et_pb_column type=&#8221;4_4&#8243; _builder_version=&#8221;4.16&#8243; custom_padding=&#8221;|||&#8221; global_colors_info=&#8221;{}&#8221; custom_padding__hover=&#8221;|||&#8221;][et_pb_text admin_label=&#8221;Text&#8221; _builder_version=&#8221;4.16&#8243; background_size=&#8221;initial&#8221; background_position=&#8221;top_left&#8221; background_repeat=&#8221;repeat&#8221; global_colors_info=&#8221;{}&#8221;]<ol>\n<li style=\"font-weight: 400;\">Rekisterinpit\u00e4j\u00e4<span> <\/span><\/li>\n<\/ol>\n<p style=\"font-weight: 400;\">Tmi Merja H. Nieminen &#8211; 1582830-2<\/p>\n<p style=\"font-weight: 400;\">Yhteystiedot:<\/p>\n<p style=\"font-weight: 400;\">H\u00e4meenkatu 25 B, 33200 Tampere<\/p>\n<p style=\"font-weight: 400;\">Yhteystiedot rekisteri\u00e4 koskevissa asioissa:<span>\u00a0 <\/span><\/p>\n<p style=\"font-weight: 400;\">Tmi Merja H. Nieminen \/ Merja Nieminen<\/p>\n<p style=\"font-weight: 400;\">+ 358 50 566 2036<\/p>\n<p style=\"font-weight: 400;\">niemisenmerja@gmail.com<\/p>\n<ol start=\"2\">\n<li style=\"font-weight: 400;\">Rekister\u00f6idyt<span> <\/span><\/li>\n<\/ol>\n<p style=\"font-weight: 400;\">Tmi Merja H. Niemisen asiakasrekisteri sis\u00e4lt\u00e4\u00e4 tietoja yrityksen asiakkaista. N\u00e4iden lis\u00e4ksi Tmi Merja H. Niemisell\u00e4 on tietoja sen yhteisty\u00f6kumppaneista, kuten eri tuotteiden toimittajista.<\/p>\n<ol start=\"3\">\n<li style=\"font-weight: 400;\">Henkil\u00f6tietojen k\u00e4ytt\u00f6tarkoitus<span> <\/span><\/li>\n<\/ol>\n<p style=\"font-weight: 400;\">Henkil\u00f6tietoja ker\u00e4t\u00e4\u00e4n rekisteriin ja k\u00e4sitell\u00e4\u00e4n asiakassuhteen perusteella tai suostumuksen perusteella. Suostumus voi olla annettu kirjallisesti esimerkiksi lomakkeen avulla tai suullisesti.<\/p>\n<p style=\"font-weight: 400;\">Henkil\u00f6tietojen k\u00e4sittelyn ja rekisterin k\u00e4ytt\u00f6tarkoitus<span>\u00a0 <\/span><\/p>\n<p style=\"font-weight: 400;\">Tmi Merja H. Nieminen k\u00e4ytt\u00e4\u00e4 rekister\u00f6ityj\u00e4 tietoja asiakkassuhteiden yll\u00e4pit\u00e4miseen, asiakaspalveluun ja palveluista viestimiseen.<\/p>\n<p style=\"font-weight: 400;\"><span>\u00a0<\/span><\/p>\n<ol start=\"4\">\n<li style=\"font-weight: 400;\">Rekisteriin tallennettavat henkil\u00f6tiedot<span> <\/span><\/li>\n<\/ol>\n<p style=\"font-weight: 400;\">Asiakasrekisteri sis\u00e4lt\u00e4\u00e4 seuraavat tiedot: yhteyshenkil\u00f6n nimi, puhelinnumero ja muut ajanvarauksen kannalta olennaiset tiedot.<\/p>\n<p style=\"font-weight: 400;\">\u00a0<\/p>\n<ol start=\"5\">\n<li style=\"font-weight: 400;\">Rekister\u00f6idyn oikeudet<span><\/span><\/li>\n<\/ol>\n<p style=\"font-weight: 400;\">Rekister\u00f6idyll\u00e4 on seuraavat oikeudet, joiden k\u00e4ytt\u00e4mist\u00e4 koskevat pyynn\u00f6t tulee tehd\u00e4 osoitteeseen<span>\u00a0<\/span><\/p>\n<p style=\"font-weight: 400;\">niemisenmerja@gmail.com tai postitse osoitteeseen:<\/p>\n<p style=\"font-weight: 400;\">Merja Nieminen\/ Tmi Merja H. Nieminen<\/p>\n<p style=\"font-weight: 400;\">H\u00e4meenkatu 25 B, 33200 Tampere<\/p>\n<p style=\"font-weight: 400;\">Tarkastusoikeus<span>\u00a0 <\/span><\/p>\n<p style=\"font-weight: 400;\">Rekister\u00f6ity voi tarkistaa tallentamamme henkil\u00f6tiedot.<span>\u00a0\u00a0 <\/span><\/p>\n<p style=\"font-weight: 400;\">Oikeus tietojen oikaisemiseen<\/p>\n<p style=\"font-weight: 400;\">Rekister\u00f6ity voi pyyt\u00e4\u00e4 oikaisemaan h\u00e4nt\u00e4 koskevat virheelliset tai puutteelliset tiedot.<\/p>\n<p style=\"font-weight: 400;\">Vastustamisoikeus<span>\u00a0 <\/span><\/p>\n<p style=\"font-weight: 400;\">Rekister\u00f6ity voi vastustaa henkil\u00f6tietojen k\u00e4sittely\u00e4, mik\u00e4li kokee, ett\u00e4 henkil\u00f6tietoja on k\u00e4sitelty lainvastaisesti.<span>\u00a0\u00a0 <\/span><\/p>\n<p style=\"font-weight: 400;\">Suoramarkkinointikielto<span>\u00a0<\/span><\/p>\n<p style=\"font-weight: 400;\">Rekister\u00f6idyll\u00e4 on oikeus kielt\u00e4\u00e4 tietojen k\u00e4ytt\u00e4minen suoramarkkinointiin.<span>\u00a0 <\/span><\/p>\n<p style=\"font-weight: 400;\">Poisto-oikeus<span>\u00a0 <\/span><\/p>\n<p style=\"font-weight: 400;\">Rekister\u00f6idyll\u00e4 on oikeus pyyt\u00e4\u00e4 tietojen poistamista, jos tietojen k\u00e4sittely ei ole tarpeen. K\u00e4sittelemme poistopyynn\u00f6n, jonka j\u00e4lkeen joko poistamme tiedot tai ilmoitamme perustellun syyn, miksi tietoja ei voida poistaa.<span>\u00a0\u00a0 <\/span><\/p>\n<p style=\"font-weight: 400;\">On huomioitava, ett\u00e4 rekisterinpit\u00e4j\u00e4ll\u00e4 voi olla lakis\u00e4\u00e4teinen tai muu oikeus olla poistamatta pyydetty\u00e4 tietoa. Rekisterinpit\u00e4j\u00e4ll\u00e4 on velvollisuus s\u00e4ilytt\u00e4\u00e4 kirjanpitoaineisto Kirjanpitolaissa (luku 2, 10 \u00a7) m\u00e4\u00e4ritellyn ajan (10 vuotta) mukaisesti. T\u00e4m\u00e4n vuoksi kirjanpitoon liittyv\u00e4\u00e4 aineistoa ei voida poistaa ennen m\u00e4\u00e4r\u00e4ajan umpeutumista.<\/p>\n<p style=\"font-weight: 400;\">Suostumuksen peruuttaminen<\/p>\n<p style=\"font-weight: 400;\">Jos rekister\u00f6ity\u00e4 koskeva henkil\u00f6tietojen k\u00e4sittely perustuu ainoastaan suostumukseen, eik\u00e4 esim. asiakkuuteen tai j\u00e4senyyteen, voi rekister\u00f6ity peruuttaa suostumuksen.<\/p>\n<p style=\"font-weight: 400;\">Rekister\u00f6ity voi valittaa p\u00e4\u00e4t\u00f6ksest\u00e4 tietosuojavaltuutetulle<span>\u00a0 <\/span><\/p>\n<p style=\"font-weight: 400;\">Rekister\u00f6idyll\u00e4 on oikeus vaatia, ett\u00e4 rajoitamme kiistanalaisten tietojen k\u00e4sittely\u00e4 siksi aikaa, kunnes asia saadaan ratkaistua.<span>\u00a0 <\/span><\/p>\n<p style=\"font-weight: 400;\">Valitusoikeus<span>\u00a0 <\/span><\/p>\n<p style=\"font-weight: 400;\">Rekister\u00f6idyll\u00e4 on oikeus tehd\u00e4 valitus tietosuojavaltuutetulle kantelu, jos h\u00e4n kokee, ett\u00e4 rikomme henkil\u00f6tietoja k\u00e4sitelless\u00e4mme voimassa olevaa tietosuojalains\u00e4\u00e4d\u00e4nt\u00f6\u00e4.<span>\u00a0 <\/span><\/p>\n<p style=\"font-weight: 400;\">Tietosuojavaltuutetun yhteystiedot: www.tietosuoja.fi\/fi\/index\/yhteystiedot.html<span>\u00a0 <\/span><\/p>\n<ol start=\"6\">\n<li style=\"font-weight: 400;\">S\u00e4\u00e4nn\u00f6nmukaiset tietol\u00e4hteet<span> <\/span><\/li>\n<\/ol>\n<p style=\"font-weight: 400;\">Asiakastiedot saadaan s\u00e4\u00e4nn\u00f6nmukaisesti asiakkaalta itselt\u00e4\u00e4n asiakassuhteen syntyess\u00e4 tai ajanvarauksen aikana. Tietoja voidaan saada my\u00f6s suostumuksen perusteella esimerkiksi lomakkeen tai ajanvarausj\u00e4rjestelm\u00e4n kautta (esim. Timma), sosiaalisen median kanavissa k\u00e4ydyn viestinvaihdon kautta tai muulla tavoin.<span>\u00a0<\/span><\/p>\n<ol start=\"7\">\n<li style=\"font-weight: 400;\">S\u00e4\u00e4nn\u00f6nmukaiset tietojen luovutukset<span> <\/span><\/li>\n<\/ol>\n<p style=\"font-weight: 400;\">Olemme varmistaneet, ett\u00e4 kaikki palveluntarjoajamme noudattavat tietosuojalains\u00e4\u00e4d\u00e4nt\u00f6\u00e4. K\u00e4yt\u00e4mme s\u00e4\u00e4nn\u00f6nmukaisesti seuraavia palvelutarjoajia: <br \/>Timma Oy: <a href=\"https:\/\/timma.fi\/privacy\">https:\/\/timma.fi\/privacy<\/a><\/p>\n<ol start=\"8\">\n<li style=\"font-weight: 400;\">K\u00e4sittelyn kesto<span> <\/span><\/li>\n<\/ol>\n<p style=\"font-weight: 400;\">Henkil\u00f6tietoja k\u00e4sitell\u00e4\u00e4n p\u00e4\u00e4s\u00e4\u00e4nt\u00f6isesti niin kauan kuin asiakkuus tai yhteisty\u00f6kumppanuus on voimassa.<\/p>\n<p style=\"font-weight: 400;\">Tulolohaastattelukaavakkeita s\u00e4ilytet\u00e4\u00e4n noin 2 vuotta viimeisen k\u00e4ynnin j\u00e4lkeen, jonka j\u00e4lkeen ne h\u00e4vitet\u00e4\u00e4n, pl. l\u00e4\u00e4k\u00e4rin l\u00e4hetteell\u00e4 tulleiden asiakkaiden paperit, jotka s\u00e4ilytet\u00e4\u00e4n lain edellytt\u00e4m\u00e4n ajan.<\/p>\n<ol start=\"9\">\n<li style=\"font-weight: 400;\">Henkil\u00f6tietojen k\u00e4sittelij\u00e4t<span> <\/span><\/li>\n<\/ol>\n<p style=\"font-weight: 400;\">Rekisterinpit\u00e4j\u00e4 ja t\u00e4m\u00e4n ty\u00f6ntekij\u00e4t k\u00e4sittelev\u00e4t henkil\u00f6tietoja.<\/p>\n<ol start=\"10\">\n<li style=\"font-weight: 400;\">Tietojen siirto EU:n ulkopuolelle<span> <\/span><\/li>\n<\/ol>\n<p style=\"font-weight: 400;\">Tietoja siirret\u00e4\u00e4n s\u00e4\u00e4nn\u00f6nmukaisesti EU:n tai Euroopan talousalueen ulkopuolelle. Kun tietoja siirret\u00e4\u00e4n EU:n ja ETA:n ulkopuolelle, huolehdimme henkil\u00f6tietojen suojan riitt\u00e4v\u00e4st\u00e4 tasosta muun muassa sopimalla henkil\u00f6tietojen luottamuksellisuuteen ja k\u00e4sittelyyn liittyvist\u00e4 asioista lains\u00e4\u00e4d\u00e4nn\u00f6n edellytt\u00e4m\u00e4ll\u00e4 tavalla.<span>\u00a0 <\/span><\/p>\n<p style=\"font-weight: 400;\">Tietojen luovutuksesta kerrotaan tarkemmin kohdassa 7 S\u00e4\u00e4nn\u00f6nmukaiset luovutukset.<\/p>\n<p style=\"font-weight: 400;\">Mahdolliset tietojensiirrot koskevat ainoastaan esimerkiksi Timman tai Facebookin kautta k\u00e4yty\u00e4 viestint\u00e4\u00e4 (ks. Timman tietosuojaseloste: <a href=\"https:\/\/timma.fi\/privacy\">https:\/\/timma.fi\/privacy<\/a>).<\/p>\n<ol start=\"11\">\n<li style=\"font-weight: 400;\">Automaattinen p\u00e4\u00e4t\u00f6ksenteko ja profilointi<span> <\/span><\/li>\n<\/ol>\n<p style=\"font-weight: 400;\">Emme k\u00e4yt\u00e4 tietoja automaattiseen p\u00e4\u00e4t\u00f6ksentekoon tai profilointiin.<span>\u00a0 <\/span><\/p>[\/et_pb_text][\/et_pb_column][\/et_pb_row][\/et_pb_section]\n","protected":false},"excerpt":{"rendered":"<p>Rekisterinpit\u00e4j\u00e4 Tmi Merja H. Nieminen &#8211; 1582830-2 Yhteystiedot: H\u00e4meenkatu 25 B, 33200 Tampere Yhteystiedot rekisteri\u00e4 koskevissa asioissa:\u00a0 Tmi Merja H. Nieminen \/ Merja Nieminen + 358 50 566 2036 niemisenmerja@gmail.com Rekister\u00f6idyt Tmi Merja H. Niemisen asiakasrekisteri sis\u00e4lt\u00e4\u00e4 tietoja yrityksen asiakkaista. N\u00e4iden lis\u00e4ksi Tmi Merja H. Niemisell\u00e4 on tietoja sen yhteisty\u00f6kumppaneista, kuten eri tuotteiden toimittajista. Henkil\u00f6tietojen [&hellip;]<\/p>\n","protected":false},"author":1,"featured_media":0,"parent":9,"menu_order":0,"comment_status":"closed","ping_status":"closed","template":"","meta":{"_et_pb_use_builder":"on","_et_pb_old_content":"Hoidot\r\nTeen Tampereen keskustassa, os. H\u00e4meenkatu 25 B\r\n\r\nvy\u00f6hyketerapiahoitoja\r\nlymfaterapiahoitoja\r\naromaterapiahoitoja\r\nmeridiaaniterapiahoitoja\r\nVauvojen\/lasten vy\u00f6hyketerapiahoitoja teen my\u00f6s kotik\u00e4yntin\u00e4 Tampereelle ja l\u00e4hiymp\u00e4rist\u00f6\u00f6n.\r\n\r\nKoulutukseni\r\n\r\nSairaanhoitaja 1987\r\nLasten erikoissairaanhoitaja 1990\r\nLymfaterapia (Kelan hyv\u00e4ksym\u00e4 koulutus) 2016\r\nLuontaishoidon diplomit\r\nvy\u00f6hyketerapia v. 2000\r\nmeridiaaniterapia v. 2006\r\naromaterapia v. 2008\r\nLuontaishoitoja olen tehnyt yritt\u00e4j\u00e4n\u00e4 vuodesta 2000.\r\n\r\n&nbsp;\r\n\r\nLinkit:\r\n\r\nSuomen vy\u00f6hyketerapeutit Ry\r\n\r\nLuonnonl\u00e4\u00e4ketieteen Keskusliitto LKL Ry\r\n\r\n&nbsp;\r\n\r\nMerja Nieminen\r\n\r\nH\u00e4meenkatu 25 b, 6.krs\r\n\r\n33200 Tampere\r\n\r\nPuh. 050 5662036","_et_gb_content_width":"","footnotes":""},"class_list":["post-109","page","type-page","status-publish","hentry"],"_links":{"self":[{"href":"https:\/\/www.merjanieminen.fi\/index.php?rest_route=\/wp\/v2\/pages\/109","targetHints":{"allow":["GET"]}}],"collection":[{"href":"https:\/\/www.merjanieminen.fi\/index.php?rest_route=\/wp\/v2\/pages"}],"about":[{"href":"https:\/\/www.merjanieminen.fi\/index.php?rest_route=\/wp\/v2\/types\/page"}],"author":[{"embeddable":true,"href":"https:\/\/www.merjanieminen.fi\/index.php?rest_route=\/wp\/v2\/users\/1"}],"replies":[{"embeddable":true,"href":"https:\/\/www.merjanieminen.fi\/index.php?rest_route=%2Fwp%2Fv2%2Fcomments&post=109"}],"version-history":[{"count":6,"href":"https:\/\/www.merjanieminen.fi\/index.php?rest_route=\/wp\/v2\/pages\/109\/revisions"}],"predecessor-version":[{"id":203,"href":"https:\/\/www.merjanieminen.fi\/index.php?rest_route=\/wp\/v2\/pages\/109\/revisions\/203"}],"up":[{"embeddable":true,"href":"https:\/\/www.merjanieminen.fi\/index.php?rest_route=\/wp\/v2\/pages\/9"}],"wp:attachment":[{"href":"https:\/\/www.merjanieminen.fi\/index.php?rest_route=%2Fwp%2Fv2%2Fmedia&parent=109"}],"curies":[{"name":"wp","href":"https:\/\/api.w.org\/{rel}","templated":true}]}}