{"id":9,"date":"2017-12-27T04:09:33","date_gmt":"2017-12-27T04:09:33","guid":{"rendered":"http:\/\/www.merjanieminen.fi\/?page_id=9"},"modified":"2026-04-17T13:30:07","modified_gmt":"2026-04-17T10:30:07","slug":"hoidot","status":"publish","type":"page","link":"https:\/\/www.merjanieminen.fi\/","title":{"rendered":"Tmi Merja Nieminen"},"content":{"rendered":"<p>[et_pb_section fb_built=&#8221;1&#8243; fullwidth=&#8221;on&#8221; _builder_version=&#8221;4.16&#8243; global_colors_info=&#8221;{}&#8221;][et_pb_fullwidth_image src=&#8221;https:\/\/www.merjanieminen.fi\/wp-content\/uploads\/2017\/12\/header1.png&#8221; _builder_version=&#8221;4.16&#8243; filter_brightness=&#8221;115%&#8221; animation_style=&#8221;fade&#8221; box_shadow_style=&#8221;preset1&#8243; global_colors_info=&#8221;{}&#8221;][\/et_pb_fullwidth_image][et_pb_fullwidth_image _builder_version=&#8221;4.16&#8243; global_colors_info=&#8221;{}&#8221;][\/et_pb_fullwidth_image][\/et_pb_section][et_pb_section fb_built=&#8221;1&#8243; _builder_version=&#8221;4.16&#8243; global_colors_info=&#8221;{}&#8221;][et_pb_row _builder_version=&#8221;4.16&#8243; background_size=&#8221;initial&#8221; background_position=&#8221;top_left&#8221; background_repeat=&#8221;repeat&#8221; global_colors_info=&#8221;{}&#8221;][et_pb_column type=&#8221;4_4&#8243; _builder_version=&#8221;4.16&#8243; custom_padding=&#8221;|||&#8221; global_colors_info=&#8221;{}&#8221; custom_padding__hover=&#8221;|||&#8221;][et_pb_text _builder_version=&#8221;4.16&#8243; text_font=&#8221;||||||||&#8221; text_font_size=&#8221;18px&#8221; header_font=&#8221;||||||||&#8221; background_size=&#8221;initial&#8221; background_position=&#8221;top_left&#8221; background_repeat=&#8221;repeat&#8221; animation_style=&#8221;fade&#8221; global_colors_info=&#8221;{}&#8221;]<\/p>\n<h1><strong>Hoidot<\/strong><\/h1>\n<p>&nbsp;<\/p>\n<p><strong>Teen Tampereen keskustassa, os. H\u00e4meenkatu 25 B<\/strong><\/p>\n<ul>\n<li><span style=\"font-weight: 400;\">vy\u00f6hyketerapiahoitoja<\/span><\/li>\n<li><span style=\"font-weight: 400;\">lymfaterapiahoitoja<\/span><\/li>\n<\/ul>\n<p>Vauvojen\/lasten vy\u00f6hyketerapiahoitoja teen my\u00f6s kotik\u00e4yntin\u00e4 Tampereelle ja l\u00e4hiymp\u00e4rist\u00f6\u00f6n.<\/p>\n<p>[\/et_pb_text][\/et_pb_column][\/et_pb_row][\/et_pb_section][et_pb_section fb_built=&#8221;1&#8243; specialty=&#8221;on&#8221; _builder_version=&#8221;4.16&#8243; background_color=&#8221;rgba(160,160,160,0.08)&#8221; background_size=&#8221;contain&#8221; global_colors_info=&#8221;{}&#8221;][et_pb_column type=&#8221;1_2&#8243; specialty_columns=&#8221;2&#8243; _builder_version=&#8221;4.16&#8243; custom_padding=&#8221;|||&#8221; global_colors_info=&#8221;{}&#8221; parallax__hover=&#8221;off&#8221; parallax_method__hover=&#8221;on&#8221; custom_padding__hover=&#8221;|||&#8221;][et_pb_row_inner _builder_version=&#8221;4.16&#8243; global_colors_info=&#8221;{}&#8221;][et_pb_column_inner saved_specialty_column_type=&#8221;1_2&#8243; _builder_version=&#8221;4.16&#8243; custom_padding=&#8221;|||&#8221; global_colors_info=&#8221;{}&#8221; parallax__hover=&#8221;off&#8221; parallax_method__hover=&#8221;on&#8221; custom_padding__hover=&#8221;|||&#8221;][et_pb_text _builder_version=&#8221;4.27.4&#8243; text_font=&#8221;||||||||&#8221; text_font_size=&#8221;15px&#8221; hover_enabled=&#8221;0&#8243; global_colors_info=&#8221;{}&#8221; sticky_enabled=&#8221;0&#8243;]<\/p>\n<h1>Koulutukseni<\/h1>\n<ul>\n<li>Sairaanhoitaja 1987<\/li>\n<li>Lasten erikoissairaanhoitaja 1990<\/li>\n<li>Lymfaterapia (Kelan hyv\u00e4ksym\u00e4 koulutus) 2016<\/li>\n<\/ul>\n<p>&nbsp;<\/p>\n<h3>Luontaishoidon diplomit<\/h3>\n<ul>\n<li>vy\u00f6hyketerapia v. 2000<\/li>\n<li>meridiaaniterapia v. 2006<\/li>\n<li>aromaterapia v. 2008<\/li>\n<\/ul>\n<p>Luontaishoitoja olen tehnyt yritt\u00e4j\u00e4n\u00e4 vuodesta 2000.<\/p>\n<p>&nbsp;<\/p>\n<p>[\/et_pb_text][et_pb_text _builder_version=&#8221;4.27.4&#8243; _module_preset=&#8221;default&#8221; hover_enabled=&#8221;0&#8243; sticky_enabled=&#8221;0&#8243;]<\/p>\n<h4>Lis\u00e4tietoa<\/h4>\n<p><a href=\"https:\/\/suomenvyohyketerapeutit.fi\/\">Suomen vy\u00f6hyketerapeutit Ry<\/a><\/p>\n<p><a href=\"http:\/\/www.lkl.fi\/\">Luonnonl\u00e4\u00e4ketieteen Keskusliitto LKL Ry<\/a><\/p>\n<p><a href=\"https:\/\/www.merjanieminen.fi\/?page_id=109\">Tietosuojaseloste<\/a><\/p>\n<p>&nbsp;<\/p>\n<p>[\/et_pb_text][\/et_pb_column_inner][\/et_pb_row_inner][\/et_pb_column][et_pb_column type=&#8221;1_2&#8243; _builder_version=&#8221;4.16&#8243; custom_padding=&#8221;|||&#8221; global_colors_info=&#8221;{}&#8221; parallax__hover=&#8221;off&#8221; parallax_method__hover=&#8221;on&#8221; custom_padding__hover=&#8221;|||&#8221;][et_pb_image src=&#8221;https:\/\/www.merjanieminen.fi\/wp-content\/uploads\/2017\/12\/055_ala_2.jpg&#8221; show_bottom_space=&#8221;off&#8221; align=&#8221;center&#8221; align_tablet=&#8221;center&#8221; align_phone=&#8221;&#8221; align_last_edited=&#8221;on|desktop&#8221; _builder_version=&#8221;4.16&#8243; animation_style=&#8221;fade&#8221; box_shadow_style=&#8221;preset1&#8243; global_colors_info=&#8221;{}&#8221;][\/et_pb_image][\/et_pb_column][\/et_pb_section][et_pb_section fb_built=&#8221;1&#8243; _builder_version=&#8221;4.16&#8243; global_colors_info=&#8221;{}&#8221;][et_pb_row column_structure=&#8221;1_2,1_2&#8243; _builder_version=&#8221;4.16&#8243; global_colors_info=&#8221;{}&#8221;][et_pb_column type=&#8221;1_2&#8243; _builder_version=&#8221;4.16&#8243; custom_padding=&#8221;|||&#8221; global_colors_info=&#8221;{}&#8221; custom_padding__hover=&#8221;|||&#8221;][et_pb_text _builder_version=&#8221;4.21.0&#8243; text_font=&#8221;||||||||&#8221; text_font_size=&#8221;20px&#8221; header_font=&#8221;||||||||&#8221; global_colors_info=&#8221;{}&#8221;]<\/p>\n<h1><strong>Yhteystiedot<\/strong><\/h1>\n<p><strong><\/strong><\/p>\n<p>Merja Nieminen<\/p>\n<p>H\u00e4meenkatu 25 b, 6.krs<\/p>\n<p>33200 Tampere<\/p>\n<p>[\/et_pb_text][et_pb_text _builder_version=&#8221;4.21.0&#8243; text_font=&#8221;||||||||&#8221; text_font_size=&#8221;20px&#8221; header_font=&#8221;||||||||&#8221; global_colors_info=&#8221;{}&#8221;]<\/p>\n<h1><strong>Ajanvaraus<\/strong><\/h1>\n<p><strong><\/strong><\/p>\n<p><strong>Soittamalla<\/strong> <em>(ajanvaraus &amp; tiedustelut)<\/em><\/p>\n<p><strong>Puh<\/strong>. <a href=\"tel:050-5662036\">050 566 2036<\/a><\/p>\n<p><strong><\/strong><\/p>\n<p><strong>Nettiajanvaraus<\/strong><\/p>\n<p><em><a href=\"https:\/\/varaa.timma.fi\/reservation\/tmimerjahnieminen\"><strong>Timma.fi<\/strong><\/a> (linkki avautuu uuteen ikkunaan)<\/em><\/p>\n<p>[\/et_pb_text][\/et_pb_column][et_pb_column type=&#8221;1_2&#8243; _builder_version=&#8221;4.16&#8243; custom_padding=&#8221;|||&#8221; global_colors_info=&#8221;{}&#8221; custom_padding__hover=&#8221;|||&#8221;][et_pb_map address=&#8221;Tampere, Finland&#8221; zoom_level=&#8221;15&#8243; address_lat=&#8221;61.497383777402&#8243; address_lng=&#8221;23.75624354097&#8243; _builder_version=&#8221;4.16&#8243; box_shadow_style=&#8221;preset1&#8243; global_colors_info=&#8221;{}&#8221;][et_pb_map_pin title=&#8221;Merja Nieminen&#8221; pin_address=&#8221;H\u00e4meenkatu 25b, 33200 Tampere, Finland&#8221; pin_address_lat=&#8221;61.4973165&#8243; pin_address_lng=&#8221;23.7561589&#8243; _builder_version=&#8221;3.0.92&#8243; global_colors_info=&#8221;{}&#8221;][\/et_pb_map_pin][\/et_pb_map][\/et_pb_column][\/et_pb_row][\/et_pb_section]<\/p>\n","protected":false},"excerpt":{"rendered":"<p>Hoidot &nbsp; Teen Tampereen keskustassa, os. H\u00e4meenkatu 25 B vy\u00f6hyketerapiahoitoja lymfaterapiahoitoja Vauvojen\/lasten vy\u00f6hyketerapiahoitoja teen my\u00f6s kotik\u00e4yntin\u00e4 Tampereelle ja l\u00e4hiymp\u00e4rist\u00f6\u00f6n.Koulutukseni Sairaanhoitaja 1987 Lasten erikoissairaanhoitaja 1990 Lymfaterapia (Kelan hyv\u00e4ksym\u00e4 koulutus) 2016 &nbsp; Luontaishoidon diplomit vy\u00f6hyketerapia v. 2000 meridiaaniterapia v. 2006 aromaterapia v. 2008 Luontaishoitoja olen tehnyt yritt\u00e4j\u00e4n\u00e4 vuodesta 2000. &nbsp;Lis\u00e4tietoa Suomen vy\u00f6hyketerapeutit Ry Luonnonl\u00e4\u00e4ketieteen Keskusliitto LKL Ry [&hellip;]<\/p>\n","protected":false},"author":1,"featured_media":0,"parent":0,"menu_order":0,"comment_status":"closed","ping_status":"closed","template":"","meta":{"_et_pb_use_builder":"on","_et_pb_old_content":"","_et_gb_content_width":"","footnotes":""},"class_list":["post-9","page","type-page","status-publish","hentry"],"_links":{"self":[{"href":"https:\/\/www.merjanieminen.fi\/index.php?rest_route=\/wp\/v2\/pages\/9","targetHints":{"allow":["GET"]}}],"collection":[{"href":"https:\/\/www.merjanieminen.fi\/index.php?rest_route=\/wp\/v2\/pages"}],"about":[{"href":"https:\/\/www.merjanieminen.fi\/index.php?rest_route=\/wp\/v2\/types\/page"}],"author":[{"embeddable":true,"href":"https:\/\/www.merjanieminen.fi\/index.php?rest_route=\/wp\/v2\/users\/1"}],"replies":[{"embeddable":true,"href":"https:\/\/www.merjanieminen.fi\/index.php?rest_route=%2Fwp%2Fv2%2Fcomments&post=9"}],"version-history":[{"count":23,"href":"https:\/\/www.merjanieminen.fi\/index.php?rest_route=\/wp\/v2\/pages\/9\/revisions"}],"predecessor-version":[{"id":209,"href":"https:\/\/www.merjanieminen.fi\/index.php?rest_route=\/wp\/v2\/pages\/9\/revisions\/209"}],"wp:attachment":[{"href":"https:\/\/www.merjanieminen.fi\/index.php?rest_route=%2Fwp%2Fv2%2Fmedia&parent=9"}],"curies":[{"name":"wp","href":"https:\/\/api.w.org\/{rel}","templated":true}]}}